the remainder when 130 is divided by a.
4
Let j(i) = i**2 - 5*i - 9. Suppose -2*x - 6*x + 320 = 0. Suppose f = 2 - 6, f + x = 4*h. What is the remainder when j(8) is divided by h?
6
Suppose -5*x = 3*s, 0*s = -4*s - 3*x. Let p = 3 + s. Suppose 105 = p*z + 27. Calculate the remainder when z is divided by 14.
12
Let o(w) = w**2 - 11*w + 76. Calculate the remainder when 359 is divided by o(8).
47
Let j be -6*2 - (-5 + 7). Let t be (-12)/42 - 550/j. Let a = t + -16. Calculate the remainder when 43 is divided by a.
20
Suppose -5*m + 69 = -2*m. Suppose -3*z - 4*f + 11 = -15, 3*z - f = 16. What is the remainder when m is divided by z?
5
Let o(t) = -29*t - 2. Let h be o(-1). Let m be ((-10)/(-3))/(18/h). Suppose -4*j - 39 = -m*j. What is the remainder when j is divided by 20?
19
Let c = -9 - -13. Calculate the remainder when 1/(c*(-4)/(-240)) is divided by 6.
3
Let g = -400 + 413. Calculate the remainder when 77 is divided by g.
12
Let b = 74 + 63. What is the remainder when 140 is divided by b?
3
Let q = 43 + -24. Let v be (-5 + 5)*(-3)/6. Suppose -3*l - 23 = -2*h, 3*h = -v*l + l + 31. What is the remainder when q is divided by h?
9
What is the remainder when 10 is divided by (145/(-35) - -5)/(6/21)?
1
Let c = -3 + 7. Let z(m) = -m**2 - m + 6. Let b = -23 - -23. What is the remainder when z(b) is divided by c?
2
Let q(m) = m**3 + m**2 + 3*m + 1. Let k be q(3). Let h = 52 - k. What is the remainder when 47 is divided by h?
5
Let o = 184 - 65. Suppose 0 = 5*z - 469 + o. Calculate the remainder when z is divided by 12.
10
Let n be 52/(-12) + (-1)/(-3). What is the remainder when (-28 - 0)*2/n is divided by 0/((-9)/(-3)) + 4?
2
Calculate the remainder when 111 is divided by 28 - ((-18)/12*6 + 6).
18
Let c(i) = -i**3 + 3*i**2 + 18*i - 1. What is the remainder when c(-11) is divided by 107?
104
Suppose -13*u + 64 = -9*u. Suppose -3*q = 3*z - 90, 0 = 3*q + q + 5*z - 122. What is the remainder when q is divided by u?
12
Let k(f) = -f**3 + 2*f**2 + 16. Suppose 3*l - 14 = -4*n, -4*n = -10*l + 5*l + 2. Calculate the remainder when k(0) is divided by (n + -3 - -7) + 3.
7
Suppose -3*k = 4*h - 2218, 41*k - 3*h = 44*k - 2214. What is the remainder when k is divided by 239?
17
Let l be (-30)/((2/36)/(-1)). Suppose t - l = -11*t. What is the remainder when 178 is divided by t?
43
Let v(i) = 2*i**3 + 7*i**2 - 2*i + 8. Let q be v(-4). Suppose a + 2*t - 19 = -q*t, -t + 50 = 2*a. What is the remainder when a is divided by 7?
6
Let d(x) = x + 6. Let p be d(4). Let r = 55 - p. Suppose 3*w - 23 - 33 = -5*k, -3*k + 2*w = -r. What is the remainder when k is divided by 5?
3
Let q(g) = 112*g - 15. Let d be q(10). Suppose 0*r = 5*r - d. Suppose 5*y = 786 - r. What is the remainder when y is divided by 29?
26
Let m(a) = -2*a**2 - 5*a + 1. Let j(c) = -c**2 - 2*c. Let u(o) = 7*j(o) - 4*m(o). Calculate the remainder when u(4) is divided by 19.
17
Suppose -76 = 55*q - 57*q. Suppose 3*s = -3*g + 42, g + q = s + 2*s. What is the remainder when 64 is divided by s?
12
Suppose -3*z + 42 = 3*j, 5*j = 3*z + 74 + 4. What is the remainder when 1181 is divided by j?
11
Let j be -3*(-6)/(-24)*16/(-6). Calculate the remainder when j + -3 - (-92 + -2) is divided by 19.
17
Let b be (-2 - 7)/((-2)/6). Suppose 5*c - b = -2*y, -c + 8 = -y + 4. Calculate the remainder when y is divided by 1.
0
Let h(r) = 4*r. Let s(b) = b. Let q(t) = -h(t) + 3*s(t). Suppose 2*f - 75 = 17*f. Calculate the remainder when 19 is divided by q(f).
4
Calculate the remainder when (-1)/7*-971 - 10/(-35) is divided by 28.
27
Let m be 8/(-10)*(2 - 245/10). Let d = m - -10. What is the remainder when 137 is divided by d?
25
Suppose 0 = 4*q + 43 + 5. Let n be -36*(q/8 - -2). Let d = 24 - n. What is the remainder when d is divided by 22?
20
Let b be (1 - 14) + -1 + 4. Let u be (-2)/b + (-126)/(-70). Suppose 4*l = -6*f + 3*f + 90, 4*l + u*f - 92 = 0. Calculate the remainder when l is divided by 13.
11
Let b(s) = -5*s**3 + 2*s**2 + 12. Let d be b(-3). Suppose 4*u = 3*u + 2*p + 40, -4*u + d = -3*p. Calculate the remainder when 208 is divided by u.
40
Let p(s) = -s + 35. Let a be p(-24). Let q = a - 31. What is the remainder when 82 is divided by q?
26
Let h(c) = -c**3 - 15*c**2 - 2*c + 21. Let s = -28 - -13. Calculate the remainder when h(s) is divided by 26.
25
Suppose l = -h - 6, -h + 1 + 13 = -4*l. Let x = 4 + h. What is the remainder when x is divided by (13 + -1 + -11)*(3 + -2)?
0
Let m(g) = 25*g**2 - 11*g - 23. Calculate the remainder when m(-2) is divided by 20.
19
Let g(j) = j + 10*j + 4*j + 9*j. Calculate the remainder when g(2) is divided by 126/5 + (-4)/20.
23
Let i(h) = -h**3 - 16*h**2 + h + 22. Let g be i(-16). Suppose 4*c - g = -2*c. Suppose -d + 14 = c. Calculate the remainder when 36 is divided by d.
10
Let q = 16 - 13. Suppose -q*s = s + 24. Let r = s - -15. Calculate the remainder when r is divided by 5.
4
Suppose 2*c = -3*n + 232, -365 = -5*n - 23*c + 24*c. What is the remainder when n is divided by 29?
16
Let v be (2 + -2 - 1)/(12/(-408)). Suppose z - 52 = -0*w + w, -z = 5*w - v. Calculate the remainder when z is divided by 18.
13
Let g = 18 + 26. Calculate the remainder when g is divided by (-411)/(-18) + (-2 - -1)/(-6).
21
Suppose 16 = 3*u - 47. Suppose 3*s = 5*p - 5, 5*s - 2*s - 4*p = -4. Suppose 11*m + s*m - 418 = 0. What is the remainder when m is divided by u?
17
Let j(n) = 8*n + 2. Let o be j(2). Suppose 0*x - x = -o. Suppose -f = 4*u - 47, 4*u = -4*f + 66 - 10. Calculate the remainder when x is divided by u.
7
Let x(l) = 20*l + 3. Let v(g) = -g**3 + 10*g**2 - 12*g + 3. Let c be v(9). Let f = c - -40. What is the remainder when x(3) is divided by f?
15
Suppose 5*a = -2*x + 18, -2*x - 2*a - 9 = -33. Let i = 9 - -4. What is the remainder when -2*7/(x/(-51)) is divided by i?
12
Let w = 351 + -49. Calculate the remainder when w is divided by 14.
8
Suppose -4*r - 64 = -4*u, -3*u + 0*u + 5*r = -58. Suppose -2*l - 2*m + 6*m + 64 = 0, l - 30 = m. Calculate the remainder when l is divided by u.
6
Let g = -2000 - -2302. What is the remainder when g is divided by 30?
2
Suppose 11*q - 178 - 3562 = 0. What is the remainder when q is divided by 69?
64
What is the remainder when (-2 + 18/2)*31 is divided by 37?
32
Let h(a) = a**3 - 7*a**2 + 23*a - 4. Calculate the remainder when 118 is divided by h(4).
38
Let k = 1133 - 1058. Calculate the remainder when k is divided by 20.
15
Suppose 0 = 3*z - 8*z - 210. Calculate the remainder when (-6908)/(-231) - 4/z is divided by 16.
14
Let c = 56 - 38. Suppose -8*d + c = -7*d. Suppose -3*u = -153 - 60. What is the remainder when u is divided by d?
17
Suppose 16 = -7*g + 11*g. Suppose 4*f = 8, 8*n - 3*n + g*f = 98. What is the remainder when n is divided by 12?
6
Let j(s) = -14*s - 73. Calculate the remainder when 48 is divided by j(-6).
4
Let n be ((-1)/((-2)/(-96)))/(-1 + 2). What is the remainder when 214/12 - 8/n is divided by 17?
1
Suppose q = 3*q - 292. Suppose q = 3*d - 5*k, -3*k - 96 = -d - d. What is the remainder when d is divided by 22?
20
Let p = 9 + 3. Let x(r) = 4*r**3 - 16*r**2 + 30*r + 3. Calculate the remainder when x(3) is divided by p.
9
Let l = -176 - -202. Calculate the remainder when 206 is divided by l.
24
Suppose 47 = 12*z - 49. Let t(o) = -24*o**3 - 2*o**2 + 1. Calculate the remainder when t(-1) is divided by z.
7
Let a = -3017 - -3043. Calculate the remainder when (2 - 3)*1 + 102 is divided by a.
23
Let j(x) = -x**3 + 12*x**2 - 15*x - 21. What is the remainder when 110 is divided by j(10)?
23
Suppose -60 = -262*p + 257*p. Calculate the remainder when 22 is divided by p.
10
Let n(i) = i**3 - 10*i**2 - i + 41. What is the remainder when 122 is divided by n(10)?
29
Suppose 4*t - 4 + 12 = 0, -t - 507 = -5*s. What is the remainder when s is divided by 37?
27
Calculate the remainder when 87 is divided by ((-5)/(110/33))/(3/(-92)).
41
Suppose 4*s - 1 = 51. Let u(v) = 40*v**3 + v**2 - v + 1. Calculate the remainder when u(1) is divided by 141/13 + 2/s.
8
Suppose -5*f + 171 - 1 = 0. What is the remainder when 49 is divided by f?
15
Let l(a) = -a**3 - 6*a**2 - 11*a - 23. Suppose 0*y - 3*y = -36. What is the remainder when y is divided by l(-5)?
5
Let z(n) = 12*n - 33. Let g be z(9). Let k = g + -34. Calculate the remainder when k is divided by 7.
6
Suppose s - 91 =